r**2 + 23*r + 440. What is the hundreds digit of x(-10)?
5
Suppose -144 - 456 = -12*i. What is the hundreds digit of (-1180)/(-6)*75/i?
2
Suppose -79*j + 5*r = -84*j + 36180, -4 = r. What is the tens digit of j?
4
Suppose -48*t = -52*t + 3*l + 9298, 4650 = 2*t - 2*l. Suppose -6*h + t = -347. What is the hundreds digit of h?
4
Suppose 23006 = 31*a - 27*a - 13*c, 0 = -2*a + 2*c + 11476. What is the hundreds digit of a?
7
What is the ten thousands digit of 6/72*-3 + (-2)/((-64)/837128)?
2
Let l = 48 - 42. Suppose 11 = -l*x + 71. Let i = x + 4. What is the units digit of i?
4
Let x be 810/(-108)*-2*(-4)/5. Let v(j) = -23*j - 11. What is the units digit of v(x)?
5
Suppose 41*f - 152072 - 280929 = 0. What is the units digit of f?
1
Let s(k) = -k**3 + 28*k**2 + 27*k + 64. Let n be s(29). Suppose n*z = 3*z + 423. What is the units digit of z?
1
Suppose -p = -3*u + 5501 + 6096, 12 = 3*p. What is the hundreds digit of u?
8
Suppose -5*w = -3*k - 192361, 4*k + 115421 = -775*w + 778*w. What is the ten thousands digit of w?
3
Let w be -4*2/8*2. Suppose 6*b - 2*u = 5*b - 4, b - 12 = -2*u. What is the tens digit of ((-130)/b + 0)*w?
6
Suppose 2*o = -79 + 121. Suppose o*d - 2500 = 16*d. What is the tens digit of d?
0
Let t = -377 - -425. Suppose 0 = -7*h + t*h - 32431. What is the hundreds digit of h?
7
Let o = 9160 - 3527. What is the tens digit of o?
3
Let t(h) = -6*h + 6. Let u(p) = 1. Let y(x) = t(x) - 3*u(x). Let s be y(-9). Suppose 4*n - n = -w + s, 51 = 3*n - w. What is the tens digit of n?
1
Let o be 481/(-12) - (-3)/36. Let w = -23 - 11. Let h = w - o. What is the units digit of h?
6
Let k = 790 - -568. Suppose 454*v - k = 452*v. What is the tens digit of v?
7
What is the units digit of (-255)/595 + 1167924/21?
5
Let u = -3294 + 3286. Let o(m) = 1 + 10*m + 3*m**2 + 7 - 5*m. What is the hundreds digit of o(u)?
1
Suppose -3 + 7 = 2*g. Let y be 1 - ((-4)/g)/(-2). Suppose y*r - 5*s = -2*r + 608, 3*s + 1188 = 4*r. What is the tens digit of r?
9
Let v(z) = 198*z**2 - 28*z - 55. Let i be v(-2). Suppose -4*b - i - 67 = -5*g, -b + 331 = 2*g. What is the hundreds digit of g?
1
Let l(u) = 517*u**2 + 123*u + 518. What is the thousands digit of l(-5)?
2
Let b(i) = 152*i**2 + 2*i + 69. What is the tens digit of b(10)?
8
Let k be (-5)/(-2) + -3 + 14/(-4). Let w(v) = 17*v - 38*v - 16*v. What is the units digit of w(k)?
8
Suppose -4*k - 4 = -s, -4*k + 3*s = 5*s - 8. What is the tens digit of 5712/6 - (k/1 + -2)?
5
Let n(r) = -r**3 - 7*r**2 - 19*r + 5. Let f be n(7). Let m = f + 1161. What is the units digit of m?
7
Let l(u) = u + 1. Let w(n) = 76*n + 3. Let p(b) = 6*l(b) + w(b). Let q be (-1)/(-1)*66/33. What is the tens digit of p(q)?
7
Let l = 3327 - -5319. What is the thousands digit of l?
8
What is the tens digit of (368718/147)/(8/56)?
5
Suppose -8*g + 4*g = -64. Suppose -f - 138 = 2*f. What is the units digit of f/(-8) + (3 - 44/g)?
6
Let z(m) be the first derivative of 7*m + m**2 + 4/3*m**3 + 9. What is the units digit of z(-3)?
7
Let n be (-180)/(-24)*(-42)/(-5). What is the hundreds digit of (-15248)/(-18) - 7/n?
8
Suppose -a + 3358 = c, -3*a - 2*c + 3356 = -2*a. Let d = a - 2169. What is the tens digit of d?
9
Let j = -1416 - -395. Let q = 1574 + j. What is the hundreds digit of q?
5
Let s = 12 + 40. Suppose s*x - 228 = 51*x. What is the hundreds digit of x?
2
Let m(z) = z**3 + 4*z**2 - 5*z + 5. Let w be m(-5). Suppose w*f = 4*f + 4. Suppose f*c - 1237 = -425. What is the tens digit of c?
0
Let z = -171 - -277. Let a = -146 + z. What is the tens digit of a/(9/12 + -1)?
6
Let i(m) = -m**3 - 9*m**2 - 17*m - 59. Let g be i(-8). Suppose 0*a + 5083 = g*a. What is the hundreds digit of a?
3
Let j(f) = -78*f - 5752. What is the units digit of j(-84)?
0
Let y = -3597 + 2161. Let k = y + 3190. What is the tens digit of k?
5
Let z be 3882*(-3)/(-6) - (3 - 2). Suppose -107*p + 102*p = -z. What is the tens digit of p?
8
Let y = 21769 - 14321. What is the units digit of y?
8
Suppose 0 = -2*m + 16 - 6. Let o be (4 - m/1)*(12 + -1). Let u = o + 31. What is the units digit of u?
0
Let q(p) = -6*p**3 + 467*p**2 + 185*p - 423. What is the thousands digit of q(77)?
3
Suppose -16*v - 8*v + 72 = 0. What is the hundreds digit of -1390*(v/(-25))/((-7)/(-35))?
8
Let f(m) = m**3 + m**2 - 59*m + 278. What is the hundreds digit of f(22)?
1
Suppose -59 = -5*m - 479. Let q = -178 - -303. Let k = q + m. What is the tens digit of k?
4
Suppose -75128*m = -75132*m - 84. Let b = 122 + 12. Let l = m + b. What is the tens digit of l?
1
Let f be (108/(-126))/((-6)/28). Suppose -5*x = 5*n - 1075, 681 + 174 = f*n + 3*x. What is the tens digit of n?
1
Suppose 0 = l, 194 - 2232 = -n + l. Let w = -1265 + n. What is the hundreds digit of w?
7
What is the thousands digit of (1 - 12/8)/(60/(-2452680))?
0
Let a(h) = 6140*h + 20. Let k be a(1). Suppose -30*l = 940 - k. What is the units digit of l?
4
Let r = 7670 - 4472. What is the hundreds digit of r?
1
Let m(v) = 198*v**2 - 7*v + 3. Let j be m(2). Let g = j + -341. Suppose -u = 4*u - g. What is the tens digit of u?
8
Let q(a) = -14*a - 88. Let v be q(-6). Let l(m) = 9*m**2 - 4*m. What is the units digit of l(v)?
0
Let p(i) = 2*i**2 + 66*i + 787. What is the tens digit of p(-41)?
4
Let o(w) be the second derivative of 3/2*w**3 + 1/12*w**4 - 17*w**2 + 0 - 6*w. What is the units digit of o(-12)?
2
Let l(v) = 286*v - 734. What is the tens digit of l(35)?
7
Let o = -261 - -263. Suppose -1 = -3*z + 5, -o*l = -5*z - 1288. What is the units digit of l?
9
Suppose 4*x + 170614 = 5*d, 43*d - 102365 = 40*d - x. What is the thousands digit of d?
4
Let n be (-70)/(-17) - (5 + 249/(-51)). Suppose 6*v = -4*c + 4*v + 968, n*c = 2*v + 968. What is the tens digit of c?
4
Let q(x) = x**3 + 75*x**2 + 122*x - 1047. What is the thousands digit of q(-64)?
6
Let m(g) = -3*g**3 + 36*g**2 + 11*g - 14. Let t(c) = 6*c**3 - 72*c**2 - 21*c + 29. Let q(i) = 5*m(i) + 2*t(i). What is the hundreds digit of q(12)?
1
Let f(n) = 2*n**2 - 77*n + 974. What is the units digit of f(-53)?
3
Suppose 73148 = 24*i - 35799 - 133621. What is the ten thousands digit of i?
1
Suppose -5*f + w = -33197, 4*f + 28*w - 27*w - 26563 = 0. What is the thousands digit of f?
6
Let f be (-755)/85 - 4/34. What is the hundreds digit of ((-274)/f)/(98/441)?
1
Let u be 39/2*(-4)/(-6). Let r be (8 - 14 - -5)/((-2)/(-4)). What is the units digit of (r/2)/(u/(-2444))?
8
Let q = -39 - -41. Suppose -q*x - 11 = -21. Suppose 148 = 7*u - x*u - 2*m, -5*u + 398 = 2*m. What is the units digit of u?
8
Let t = -23 - -2. Let q = 357 + t. What is the units digit of q?
6
What is the tens digit of (52/28 - 2) + -3 + (-97735)/(-7)?
5
Let k be (21/(-5))/(5 + 24/(-5)). Let u = 21 + k. Suppose u = 2*y - 2, -r + 4*y - 1 + 18 = 0. What is the units digit of r?
1
Let c(m) = 7*m**2 - 40*m - 160. What is the hundreds digit of c(-18)?
8
Suppose 3*n + 5107 = 2*d, 3*d - 2*n = -273 + 7936. What is the thousands digit of d?
2
Suppose -7*t + 7073 = -11708. What is the thousands digit of t?
2
Suppose 0 = 2*r + 7*t - 5*t, -5*t = 3*r. Suppose r = -3*i + 336 + 186. What is the tens digit of i?
7
Suppose 0 = 4*h + r - 45168, -47*r - 8 = -49*r. What is the units digit of h?
1
Let b = 245 - 158. Let p = b + -72. Suppose -13*g + p*g - 296 = 0. What is the units digit of g?
8
Let h be (55/(-1))/(-36 - -37). What is the hundreds digit of (-12628)/h + 6/15?
2
Let g(u) = u**3 + 9*u**2 + 8*u + 18. Let f be g(-7). Suppose 0 = 2*y - f - 108. Let n = 20 + y. What is the hundreds digit of n?
1
Let k(v) = 65*v**3 - 2*v**2 + v. Let s be -3 + ((-1)/2)/((-4)/32). What is the tens digit of k(s)?
6
What is the tens digit of (8040/80)/(1749/870 + -2)?
1
Suppose -20*w + 226*w - 2613996 = 1164250. What is the tens digit of w?
4
Suppose -50*v - 162*v - 24*v = -9415928. What is the hundreds digit of v?
8
Let m be 106 + ((-22)/(-198) - (-16)/18). Let x = 107 + m. What is the tens digit of x?
1
Let z(r) = 241*r**3 + 2*r**2 + 17*r - 87. What is the units digit of z(4)?
7
Let k(r) = 13*r**2 + 47*r - 363. What is the thousands digit of k(22)?
6
Suppose 685 - 208 = -3*j. Let l be 6/(-1) + 16*(-39)/13. Let t = l - j. What is the tens digit of t?
0
What is the hundreds digit of (-184)/(-30) - ((-14)/15)/(-7) - -2343?
3
Suppose -5*n = -3*o + 1055, 0 = 4*o + 4*n - 694 - 702. Sup